{"id":4007,"date":"2015-12-23T15:36:02","date_gmt":"2015-12-23T15:36:02","guid":{"rendered":"http:\/\/end-educationconference.org\/?page_id=4007"},"modified":"2018-06-12T09:08:07","modified_gmt":"2018-06-12T09:08:07","slug":"keynote-speaker-zoltan-ronay","status":"publish","type":"page","link":"http:\/\/end-educationconference.org\/2018\/keynote-speaker-zoltan-ronay\/","title":{"rendered":"Keynote Speaker"},"content":{"rendered":"<p>&nbsp;<\/p>\n<p style=\"text-align: justify;\"><strong><img data-recalc-dims=\"1\" loading=\"lazy\" decoding=\"async\" data-attachment-id=\"5247\" data-permalink=\"http:\/\/end-educationconference.org\/2018\/keynote-speakers\/img_4223_jav\/#main\" data-orig-file=\"https:\/\/i0.wp.com\/end-educationconference.org\/2018\/wp-content\/uploads\/2018\/06\/IMG_4223_jav-e1528727270739.jpg?fit=1855%2C1984\" data-orig-size=\"1855,1984\" data-comments-opened=\"0\" data-image-meta=\"{&quot;aperture&quot;:&quot;2.2&quot;,&quot;credit&quot;:&quot;&quot;,&quot;camera&quot;:&quot;iPhone 6s&quot;,&quot;caption&quot;:&quot;&quot;,&quot;created_timestamp&quot;:&quot;1501267884&quot;,&quot;copyright&quot;:&quot;&quot;,&quot;focal_length&quot;:&quot;4.15&quot;,&quot;iso&quot;:&quot;250&quot;,&quot;shutter_speed&quot;:&quot;0.0588235294118&quot;,&quot;title&quot;:&quot;&quot;,&quot;orientation&quot;:&quot;1&quot;}\" data-image-title=\"\" data-image-description=\"\" data-image-caption=\"\" data-medium-file=\"https:\/\/i0.wp.com\/end-educationconference.org\/2018\/wp-content\/uploads\/2018\/06\/IMG_4223_jav-e1528727270739.jpg?fit=280%2C300\" data-large-file=\"https:\/\/i0.wp.com\/end-educationconference.org\/2018\/wp-content\/uploads\/2018\/06\/IMG_4223_jav-e1528727270739.jpg?fit=957%2C1024\" class=\"alignright wp-image-5247\" src=\"https:\/\/i0.wp.com\/end-educationconference.org\/wp-content\/uploads\/2018\/06\/IMG_4223_jav-e1528727270739-280x300.jpg?resize=170%2C182\" alt=\"\" width=\"170\" height=\"182\" srcset=\"https:\/\/i0.wp.com\/end-educationconference.org\/2018\/wp-content\/uploads\/2018\/06\/IMG_4223_jav-e1528727270739.jpg?resize=280%2C300 280w, https:\/\/i0.wp.com\/end-educationconference.org\/2018\/wp-content\/uploads\/2018\/06\/IMG_4223_jav-e1528727270739.jpg?resize=768%2C821 768w, https:\/\/i0.wp.com\/end-educationconference.org\/2018\/wp-content\/uploads\/2018\/06\/IMG_4223_jav-e1528727270739.jpg?resize=957%2C1024 957w, https:\/\/i0.wp.com\/end-educationconference.org\/2018\/wp-content\/uploads\/2018\/06\/IMG_4223_jav-e1528727270739.jpg?w=1855 1855w\" sizes=\"auto, (max-width: 170px) 100vw, 170px\" \/>\u201cRESPECT FOR HUMAN DIGNITY: AS A FRAMEWORK AND SUBJECT OF EDUCATION IN THE LIGHT OF PRESENT CHALLENGES\u201c<\/strong><\/p>\n<p>&nbsp;<\/p>\n<p>by<strong> Prof. Dr. Zolt\u00e1n R\u00f3nay<\/strong> (Ph.D, Associate Professor) Research Group for Higher Education and Innovation, Institute of Education, Faculty of Education and Psychology, E\u00f6tv\u00f6s Lor\u00e1nd University, Hungary<\/p>\n<p>&nbsp;<\/p>\n<p style=\"text-align: left;\"><strong><span style=\"text-decoration: underline;\">Abstract<\/span><\/strong><\/p>\n<p style=\"text-align: justify;\">Near the third decade of 21st century, we must face many challenges, which affect our everyday life. Some of them belong to the technological development, and others are in relation to social and natural demands. Among them, such phenomena also appear, which are well-known in the school system, but their appearance transforms resulting from the aforementioned challenges. In the first case, digitalisation can be mentioned, which can be both a blessing and a curse: it promotes the education but can endanger the human relationships through isolation, and mobbing, bullying. In the second case, it is reasonable to talk about migration, including developing the aptitude to recognize real and false dangers; facilitating the social integration of the disadvantaged migrant children (and their family) in the school, the tools which can help them, and also the inclusive community. The third case includes the problem of both aggression and black pedagogy. Aggression is not a new phenomenon, but with the help of digitalisation, it can appear in new forms. Digitalisation makes the way of mobbing and bullying easier not just within the school, but for strangers out of school. Moreover, migrant children can be a new target for these actions. Finally about an old pedagogical problem: the phenomenon of so-called black pedagogy is connecting either to the assessment or disciplining in school.<br \/>\nIf these symptoms affect either directly or indirectly the life of any child, the school must handle them. Many of the researchers investigate the phenomena mentioned above from the education science\u2019s point of view. Many of the researchers develop pedagogical tools to answer to these challenges. The presentation offers a new perspective. It gives an overview of this topic, presenting (the respect for) human dignity on the one hand as a framework in education and as the subject of teaching on the other hand. Human dignity as a framework is especially relevant to interpersonal relations within the school, but it is also important as a subject of teaching and education. Namely, it is necessary to teach the student to be an empowered citizen, to own the ability of legal knowledge and to respect the rights of others. But to secure it, it is essential to prepare the future teachers to know their rights and the barriers. The presentation proposes a method, which will be applied from next semester for the teachers training programme at E\u00f6tv\u00f6s Lor\u00e1nd University.<\/p>\n<p><strong>Keywords:<\/strong>\u00a0 Fundamental rights, aggression in school, black pedagogy, digitalisation, social integration.<\/p>\n<p>&nbsp;<\/p>\n<p style=\"text-align: justify;\"><span style=\"text-decoration: underline;\"><strong>Biography<\/strong><\/span><\/p>\n<p style=\"text-align: justify;\">Zolt\u00e1n R\u00f3nay was born in 1976 in Budapest, Hungary. He graduated in 1999 as a lawyer at E\u00f6tv\u00f6s Lor\u00e1nd University Faculty of Law. He is Ph.D. on law and political sciences (University of Szeged Doctoral School of Law and Political Sciences, 2017, the title of his dissertation: <em>Individual and corporate liability within the governance of higher education institutions<\/em>). Before getting his master degree, he did his practise at the Department of Constitutional Affairs in the Office of the President of the Hungarian Republic.<br \/>\nAfter his studies at the university, he began to work as a junior clerk in the Rector\u2019s Office. Later he was appointed to the head of Department of Law, Administration, and Human Resources Management. At the same time, he was working as lawyer candidate besides the distinguished Hungarian lawyer and legal lecturer, the late Daisy Kiss (Dr. Kiss Daisy Law Office). After the obligatory practical work and passing specialist examination, he became solicitor and partner of Dr. Kiss.<br \/>\nIn 2006 he successfully applied for secretary general of E\u00f6tv\u00f6s Lor\u00e1nd University. He was re-elected in 2011. His appointment of secretary general was recalled in 2015 when the Parliament reorganised the governing system of Hungarian state higher education institutes on government\u2019s motion. This amendment inaugurated the legal institute of the chancellor.<br \/>\nAs an additional activity at the university, he is the university commissioner responsible for coordination of organization matters of integration between the Faculties in Szombathely and the Savaria University Centre of University of West Hungary and E\u00f6tv\u00f6s Lor\u00e1nd University, during this project.<br \/>\nAs a complementary activity, he is the President of Student Academic Appeals Committee. This appointment is pursuance of the work he carried on as secretary general ex officio. Except for this activity, his work in connection with the university leadership was ended in summer 2017.<br \/>\nIn 2017 he successfully applied for a senior research fellow position at E\u00f6tv\u00f6s Lor\u00e1nd University Faculty of Education and Psychology, Institute of Education. He joined the Research Group for Higher Education and Innovation. In the beginning of 2018, he became an associate professor at the same place.<br \/>\nAs a university lecturer he regularly has courses in Pedagogy BA (Legal background and control of education and school; Educational governance and regulation), Educational Science MA (Education, Economy and Law; Leadership of institutions of higher education), Community Coordination BA (Foundations of Jurisprudent), Sports manager and recreation and health promoter BSc (Elementary Political Knowledge). He is a supervisor in Education Doctoral Programme. Apart from these regular courses, he has founded several optional courses: Liability of university executives; The legal and ethical frameworks of the teaching profession and Legal Frameworks of Education Research in Education Doctoral Programme. He elaborated the following courses in Human Resources BSc: Elementary knowledge about State and Law; Economic Law; Labour Law I-II.<br \/>\nHe is a co-founder of the Education Management Specialisation of Educational Science MA. He is officially responsible for the following courses: Educational governance and regulation; Leadership of institutions of higher education; Strategic Management in Higher Education; Operation and Management of (Educational) Organisations; Internship; as well as for all the courses founded and elaborated by him.<br \/>\nHis educational activity is not unprecedented. After his master degree, he instantly started to teach at E\u00f6tv\u00f6s Lor\u00e1nd University. He was a part-time lecturer at Department of Civil Process Law and Department of Constitutional Law and in several programmes of the following courses: Civil process law, Civil process Law in connection with real properties at Institute for Postgraduate Legal Studies. Because of the amount of his work as secretary general, he was forced to abandon these activities. He has been committed to supporting talents. He has led a civil law course in Bib\u00f3 Istv\u00e1n College since 2005. His student won 2nd prize in the 27. National Conference of Scientific Students&#8217; Associations (&#8220;OTDK&#8221;) in the section of law and politics.<br \/>\nHis scientific interest ranges over the law and legal history of education; related to this fields the labour law, administrative law and civil procedure in education. His main research field is the responsibility and liability in operation of higher education. Apart from these fields he handles the law in teacher&#8217;s training and education, especially with teaching and developing legal knowledge in teachers training.<br \/>\nHe regularly publishes. His monography (working title is Legality and Ethics during the Teacher\u2019s career) is under editing.<br \/>\nHe is organiser and participant of several scientific sessions.<br \/>\nHe organised the <strong>Civil Procedure of 21<sup>st<\/sup> century Conference<\/strong> and <strong>The electronic payment order and the notarial function<\/strong>; both for the Hungarian Lawyers\u2019 Association Section for Civil Process Law.<br \/>\nHe gave presentations in several scientific programmes:<\/p>\n<ul style=\"text-align: justify;\">\n<li><strong>About the secretary generals<\/strong> (E\u00f6tv\u00f6s Lor\u00e1nd University Faculty of Education and Psychology, Higher Education Management Workshop) \u2013 English title of presentation: <em>The role of secretary general in the leadership of higher education institutes<\/em>;<\/li>\n<li><strong>Autonomy in public (constitutional) law science<\/strong> (Hungarian Academy of Sciences, Centre for Social Sciences Institute for Legal Studies) &#8211; English title of presentation: <em>The position of Autonomy of Higher Education in Public Law<\/em>;<\/li>\n<li><strong>Hungarian Higher Education Conference 2017<\/strong> (Corvinus University Budapest, Center for International Higher Education Studies) \u2013 English title of presentation: <em>Sector&#8217;s control and management <\/em><em>in light of managerial responsibility<\/em>;<\/li>\n<li><strong>The 16th Conference on Educational Assessment \u2013 CEA 2018<\/strong>, Szeged, Hungary (The Institute of Education, the Doctoral School of Education at the University of Szeged, the MTA-SZTE Research Group on The Development of Competencies and the Educational and Psychological Committee of the Hungarian Academy of Sciences in Szeged) \u2013 English title of presentation: <em>The pedagogical idea of pupils\u2019 assessment in the light of Act on Public Education<\/em>;<\/li>\n<li><strong>Education \u2013 Economy \u2013 Society: Hungarian Conference on Educational Research \u2013 HuCER 2018<\/strong>, Sz\u00e9kesfeh\u00e9rv\u00e1r, Hungary (HERA \u2013 Hungarian Educational Research Association) \u2013 English title of presentation: <em>Wondering, what the consistory is<\/em>;<\/li>\n<li><strong>Education in Modern Society: XVI Annual International BCES Conference<\/strong> (Bulgarian Comparative Education Society) \u2013 Title of presentation: <em>Centralizations and Autonomies: The Delimitation of Education by the Hungarian Government.<\/em><\/li>\n<\/ul>\n<p style=\"text-align: justify;\">He is a member of Scientific Committee of the Conference of 2nd Danube Conference for Higher Education Management: In search of excellence in higher education (Corvinus University of Budapest and Ulm University), which planned date is late November in 2018.<br \/>\nSeveral professional bodies and projects count on his expertise. As secretary general, he was the president of Hungarian Rectors\u2019 Conference Collegium of Secretary Generals (Committee of Secretary Generals and Office Heads) between 2010 and 2015. As an additional professional public activity, he was a permanent guest on Round-table for Higher Education, as well as a delegate of Hungarian Rectors\u2019 Conference on Round-table for Higher Education Expert Team for Students\u2019 Responsibility in 2013. From 2007 he had been the secretary of Hungarian Lawyers\u2019 Association Section for Civil Process Law for five years. Today he is a member of Platform for Training in Economic Science, previous he was an expert team member of a project called \u201eReorganization of training in economic science\u201d and co-editor of working paper titled \u201cPossible directions of reorganization of training in economic science\u201d.<br \/>\nHe is the project manager for the project \u201cAnxiety versus ego strength \u2013 Investigating the ingredients of perceived safety: development of intervention tools and programmes for different actors and institutions functional at various segments of social safety\u201d, which has just won with his partial management almost 800.000,- Euros subsidy from the Hungarian State.<br \/>\nHe is member of HERA \u2013 Hungarian Educational Research Association as well as Hungarian Academy of Sciences Public Body IX. Section of Economics and Law Committee on Legal and Political Sciences.<br \/>\nHe speaks and publishes &#8211; apart from his native Hungarian language &#8211; in English and German.<\/p>\n<p>More information on the internet:<br \/>\n<a href=\"http:\/\/www.ppk.elte.hu\/munkatarsak\/Ronay_Zoltan\">http:\/\/www.ppk.elte.hu\/munkatarsak\/Ronay_Zoltan<\/a><br \/>\n<a href=\"https:\/\/www.researchgate.net\/profile\/Zoltan_Ronay\">https:\/\/www.researchgate.net\/profile\/Zoltan_Ronay<\/a><\/p>\n<p style=\"text-align: justify;\">\n","protected":false},"excerpt":{"rendered":"<p>&nbsp; \u201cRESPECT FOR HUMAN DIGNITY: AS A FRAMEWORK AND SUBJECT OF EDUCATION IN THE LIGHT OF PRESENT CHALLENGES\u201c &nbsp; by Prof. Dr. Zolt\u00e1n R\u00f3nay (Ph.D, Associate Professor) Research Group for Higher Education and Innovation, Institute of Education, Faculty of Education and Psychology, E\u00f6tv\u00f6s Lor\u00e1nd University, Hungary &nbsp; Abstract Near the third decade of 21st century, [&hellip;]<\/p>\n","protected":false},"author":1,"featured_media":0,"parent":0,"menu_order":0,"comment_status":"closed","ping_status":"closed","template":"","meta":{"jetpack_post_was_ever_published":false,"footnotes":""},"class_list":["post-4007","page","type-page","status-publish","hentry"],"jetpack_sharing_enabled":true,"jetpack_likes_enabled":true,"jetpack_shortlink":"https:\/\/wp.me\/Pa9ucn-12D","_links":{"self":[{"href":"http:\/\/end-educationconference.org\/2018\/wp-json\/wp\/v2\/pages\/4007","targetHints":{"allow":["GET"]}}],"collection":[{"href":"http:\/\/end-educationconference.org\/2018\/wp-json\/wp\/v2\/pages"}],"about":[{"href":"http:\/\/end-educationconference.org\/2018\/wp-json\/wp\/v2\/types\/page"}],"author":[{"embeddable":true,"href":"http:\/\/end-educationconference.org\/2018\/wp-json\/wp\/v2\/users\/1"}],"replies":[{"embeddable":true,"href":"http:\/\/end-educationconference.org\/2018\/wp-json\/wp\/v2\/comments?post=4007"}],"version-history":[{"count":10,"href":"http:\/\/end-educationconference.org\/2018\/wp-json\/wp\/v2\/pages\/4007\/revisions"}],"predecessor-version":[{"id":5275,"href":"http:\/\/end-educationconference.org\/2018\/wp-json\/wp\/v2\/pages\/4007\/revisions\/5275"}],"wp:attachment":[{"href":"http:\/\/end-educationconference.org\/2018\/wp-json\/wp\/v2\/media?parent=4007"}],"curies":[{"name":"wp","href":"https:\/\/api.w.org\/{rel}","templated":true}]}}